{"id":139,"date":"2022-06-10T16:08:21","date_gmt":"2022-06-10T16:08:21","guid":{"rendered":"https:\/\/serviciosintea.com\/?page_id=139"},"modified":"2022-06-21T18:02:40","modified_gmt":"2022-06-21T18:02:40","slug":"control-de-acceso-vehicular","status":"publish","type":"page","link":"https:\/\/serviciosintea.com\/?page_id=139","title":{"rendered":"Control de acceso vehicular"},"content":{"rendered":"<style>\/*! elementor - v3.6.6 - 08-06-2022 *\/\n.elementor-widget-image{text-align:center}.elementor-widget-image a{display:inline-block}.elementor-widget-image a img[src$=\".svg\"]{width:48px}.elementor-widget-image img{vertical-align:middle;display:inline-block}<\/style>\n<p>\t\t\t\t\t\t\t\t\t\t\t\t<img decoding=\"async\" width=\"94\" height=\"92\" src=\"http:\/\/serviciosintea.com\/wp-content\/uploads\/2022\/06\/2d536779-wave-element-black.png\" alt=\"\" loading=\"lazy\" \/>\t\t\t\t\t\t\t\t\t\t\t\t\t\t\t<\/p>\n<style>\/*! elementor - v3.6.6 - 08-06-2022 *\/\n.elementor-heading-title{padding:0;margin:0;line-height:1}.elementor-widget-heading .elementor-heading-title[class*=elementor-size-]>a{color:inherit;font-size:inherit;line-height:inherit}.elementor-widget-heading .elementor-heading-title.elementor-size-small{font-size:15px}.elementor-widget-heading .elementor-heading-title.elementor-size-medium{font-size:19px}.elementor-widget-heading .elementor-heading-title.elementor-size-large{font-size:29px}.elementor-widget-heading .elementor-heading-title.elementor-size-xl{font-size:39px}.elementor-widget-heading .elementor-heading-title.elementor-size-xxl{font-size:59px}<\/style>\n<h1>control de acceso vehicular <\/h1>\n<p>Automatizaci\u00f3n para Fraccionamientos, Plazas Comerciales, Empresas y Hogares.  <\/p>\n<style>\/*! elementor - v3.6.6 - 08-06-2022 *\/\n.e-container.e-container--row .elementor-spacer-inner{width:var(--spacer-size)}.e-container.e-container--column .elementor-spacer-inner,.elementor-column .elementor-spacer-inner{height:var(--spacer-size)}<\/style>\n<p>\t\t\t<a href=\"https:\/\/serviciosintea.com\/?page_id=16\" role=\"button\"><br \/>\n\t\t\t\t\t\tpide tu cotizaci\u00f3n<br \/>\n\t\t\t\t\t<\/a><br \/>\n\t\t\t\t\t\t\t\t\t\t\t\t\t\t\t<img decoding=\"async\" width=\"248\" height=\"248\" src=\"http:\/\/serviciosintea.com\/wp-content\/uploads\/2022\/06\/578ef1cd-star-2.png\" alt=\"\" loading=\"lazy\" srcset=\"https:\/\/serviciosintea.com\/wp-content\/uploads\/2022\/06\/578ef1cd-star-2.png 248w, https:\/\/serviciosintea.com\/wp-content\/uploads\/2022\/06\/578ef1cd-star-2-150x150.png 150w\" sizes=\"auto, (max-width: 248px) 100vw, 248px\" \/><br \/>\n\t\t\t\t\t\t\t\t\t\t\t\t\t\t\t<img decoding=\"async\" width=\"25\" height=\"25\" src=\"http:\/\/serviciosintea.com\/wp-content\/uploads\/2022\/06\/04fd4668-star.png\" alt=\"\" loading=\"lazy\" \/><br \/>\n\t\t\t\t\t\t\t\t\t\t\t\t\t\t\t<img decoding=\"async\" width=\"25\" height=\"25\" src=\"http:\/\/serviciosintea.com\/wp-content\/uploads\/2022\/06\/04fd4668-star.png\" alt=\"\" loading=\"lazy\" \/>\t\t\t\t\t\t\t\t\t\t\t\t\t\t\t<\/p>\n<h3>automatizaci\u00f3n para fraccionamiento con apertura manual y v\u00eda remota <\/h3>\n<p>\t\t<iframe loading=\"lazy\" title=\"Control de acceso vehicular automatizado mediante RFID\" width=\"500\" height=\"281\" src=\"https:\/\/www.youtube.com\/embed\/qWKUmBxC1Ic?feature=oembed\" frameborder=\"0\" allow=\"accelerometer; autoplay; clipboard-write; encrypted-media; gyroscope; picture-in-picture; web-share\" referrerpolicy=\"strict-origin-when-cross-origin\" allowfullscreen><\/iframe><br \/>\n\t\t\t\t\t\t\t\t\t\t\t\t\t\t\t<img decoding=\"async\" width=\"248\" height=\"248\" src=\"http:\/\/serviciosintea.com\/wp-content\/uploads\/2022\/06\/a1e8c82c-star-3.png\" alt=\"\" loading=\"lazy\" srcset=\"https:\/\/serviciosintea.com\/wp-content\/uploads\/2022\/06\/a1e8c82c-star-3.png 248w, https:\/\/serviciosintea.com\/wp-content\/uploads\/2022\/06\/a1e8c82c-star-3-150x150.png 150w\" sizes=\"auto, (max-width: 248px) 100vw, 248px\" \/><br \/>\n\t\t\t\t\t\t\t\t\t\t\t\t\t\t\t<img decoding=\"async\" width=\"225\" height=\"225\" src=\"http:\/\/serviciosintea.com\/wp-content\/uploads\/2022\/06\/descarga-2.jpg\" alt=\"\" loading=\"lazy\" srcset=\"https:\/\/serviciosintea.com\/wp-content\/uploads\/2022\/06\/descarga-2.jpg 225w, https:\/\/serviciosintea.com\/wp-content\/uploads\/2022\/06\/descarga-2-150x150.jpg 150w\" sizes=\"auto, (max-width: 225px) 100vw, 225px\" \/>\t\t\t\t\t\t\t\t\t\t\t\t\t\t\t<\/p>\n<h2>no bajes de tu vehiculo <\/h2>\n<p>Instalaci\u00f3n y programaci\u00f3n de lectores de tarjetas. Mejora la comodidad de tus cond\u00f3minos.  <\/p>\n<p>\t\t\t<a href=\"https:\/\/serviciosintea.com\/?page_id=16\" role=\"button\"><br \/>\n\t\t\t\t\t\tcont\u00e1ctanos<br \/>\n\t\t\t\t\t<\/a><\/p>\n<h2>automatizaci\u00f3n de portones mediante pistones y sensores de masa.<\/h2>\n<p>\t\t\t<a href=\"https:\/\/serviciosintea.com\/?page_id=16\" role=\"button\"><br \/>\n\t\t\t\t\t\tPEDIR MAS INFORMACION<br \/>\n\t\t\t\t\t<\/a><\/p>\n<h2>CONTAMOS CON MANTENIMIENTOS Y REFECCIONES DE PLUMAS.<\/h2>\n<p>\t\t\t\t\t\t\t\t\t\t\t\t\t\t\t<img decoding=\"async\" width=\"656\" height=\"373\" src=\"http:\/\/serviciosintea.com\/wp-content\/uploads\/2022\/06\/barreras.jpg\" alt=\"\" loading=\"lazy\" srcset=\"https:\/\/serviciosintea.com\/wp-content\/uploads\/2022\/06\/barreras.jpg 656w, https:\/\/serviciosintea.com\/wp-content\/uploads\/2022\/06\/barreras-300x171.jpg 300w\" sizes=\"auto, (max-width: 656px) 100vw, 656px\" \/><br \/>\n\t\t\t\t\t\t\t\t\t\t\t\t\t\t\t<img decoding=\"async\" width=\"424\" height=\"283\" src=\"http:\/\/serviciosintea.com\/wp-content\/uploads\/2022\/06\/1594b47f18f2a399559b45d4c7428e22.jpg\" alt=\"\" loading=\"lazy\" srcset=\"https:\/\/serviciosintea.com\/wp-content\/uploads\/2022\/06\/1594b47f18f2a399559b45d4c7428e22.jpg 424w, https:\/\/serviciosintea.com\/wp-content\/uploads\/2022\/06\/1594b47f18f2a399559b45d4c7428e22-300x200.jpg 300w\" sizes=\"auto, (max-width: 424px) 100vw, 424px\" \/><br \/>\n\t\t\t\t\t\t\t\t\t\t\t\t\t\t\t<img decoding=\"async\" width=\"346\" height=\"259\" src=\"http:\/\/serviciosintea.com\/wp-content\/uploads\/2022\/06\/7fbb7228a6b20770290863f72685f37e.jpg\" alt=\"\" loading=\"lazy\" srcset=\"https:\/\/serviciosintea.com\/wp-content\/uploads\/2022\/06\/7fbb7228a6b20770290863f72685f37e.jpg 346w, https:\/\/serviciosintea.com\/wp-content\/uploads\/2022\/06\/7fbb7228a6b20770290863f72685f37e-300x225.jpg 300w\" sizes=\"auto, (max-width: 346px) 100vw, 346px\" \/><br \/>\n\t\t\t\t\t\t\t\t\t\t\t\t\t\t\t<img decoding=\"async\" width=\"236\" height=\"236\" src=\"http:\/\/serviciosintea.com\/wp-content\/uploads\/2022\/06\/6bec82eb825f2b6d9614e98eafdbe7f2.jpg\" alt=\"\" loading=\"lazy\" srcset=\"https:\/\/serviciosintea.com\/wp-content\/uploads\/2022\/06\/6bec82eb825f2b6d9614e98eafdbe7f2.jpg 236w, https:\/\/serviciosintea.com\/wp-content\/uploads\/2022\/06\/6bec82eb825f2b6d9614e98eafdbe7f2-150x150.jpg 150w\" sizes=\"auto, (max-width: 236px) 100vw, 236px\" \/>\t\t\t\t\t\t\t\t\t\t\t\t\t\t\t<\/p>\n<h2>Do You Need Any Help?<\/h2>\n<p>\t\t\t<a href=\"https:\/\/serviciosintea.com\/?page_id=16\" role=\"button\"><br \/>\n\t\t\t\t\t\tCONTACTANOS<br \/>\n\t\t\t\t\t<\/a><\/p>\n","protected":false},"excerpt":{"rendered":"<p>control de acceso vehicular Automatizaci\u00f3n para Fraccionamientos, Plazas Comerciales, Empresas y Hogares. pide tu cotizaci\u00f3n automatizaci\u00f3n para fraccionamiento con apertura manual y v\u00eda remota no bajes de tu vehiculo Instalaci\u00f3n y programaci\u00f3n de lectores de tarjetas. Mejora la comodidad de tus cond\u00f3minos. cont\u00e1ctanos automatizaci\u00f3n de portones mediante pistones y sensores de masa. PEDIR MAS INFORMACION [&hellip;]<\/p>\n","protected":false},"author":1,"featured_media":0,"parent":10,"menu_order":0,"comment_status":"closed","ping_status":"closed","template":"","meta":{"_eb_attr":"","footnotes":""},"class_list":["post-139","page","type-page","status-publish","hentry"],"_links":{"self":[{"href":"https:\/\/serviciosintea.com\/index.php?rest_route=\/wp\/v2\/pages\/139","targetHints":{"allow":["GET"]}}],"collection":[{"href":"https:\/\/serviciosintea.com\/index.php?rest_route=\/wp\/v2\/pages"}],"about":[{"href":"https:\/\/serviciosintea.com\/index.php?rest_route=\/wp\/v2\/types\/page"}],"author":[{"embeddable":true,"href":"https:\/\/serviciosintea.com\/index.php?rest_route=\/wp\/v2\/users\/1"}],"replies":[{"embeddable":true,"href":"https:\/\/serviciosintea.com\/index.php?rest_route=%2Fwp%2Fv2%2Fcomments&post=139"}],"version-history":[{"count":19,"href":"https:\/\/serviciosintea.com\/index.php?rest_route=\/wp\/v2\/pages\/139\/revisions"}],"predecessor-version":[{"id":528,"href":"https:\/\/serviciosintea.com\/index.php?rest_route=\/wp\/v2\/pages\/139\/revisions\/528"}],"up":[{"embeddable":true,"href":"https:\/\/serviciosintea.com\/index.php?rest_route=\/wp\/v2\/pages\/10"}],"wp:attachment":[{"href":"https:\/\/serviciosintea.com\/index.php?rest_route=%2Fwp%2Fv2%2Fmedia&parent=139"}],"curies":[{"name":"wp","href":"https:\/\/api.w.org\/{rel}","templated":true}]}}